{"id":2984,"date":"2017-09-28T15:37:53","date_gmt":"2017-09-28T13:37:53","guid":{"rendered":"http:\/\/www.ert.tn\/pmf\/?post_type=tribe_events&#038;p=2984"},"modified":"2017-09-28T15:37:53","modified_gmt":"2017-09-28T13:37:53","slug":"mercredis-de-lorientation-2eme-conference","status":"publish","type":"tribe_events","link":"https:\/\/www.ert.tn\/pmf\/event\/mercredis-de-lorientation-2eme-conference\/","title":{"rendered":"Mercredis de l&rsquo;Orientation &#8211; 2\u00e8me conf\u00e9rence"},"content":{"rendered":"<div class=\"fitvids-video\">\n<blockquote data-secret=\"8mSWhnfYwH\" class=\"wp-embedded-content\"><p><a href=\"http:\/\/www.ert.tn\/pmf\/2017\/09\/19\/des-experts-de-lenseignement-superieur-francais-viennent-a-votre-rencontre\/\">Des experts de l\u2019enseignement sup\u00e9rieur fran\u00e7ais viennent \u00e0 votre rencontre<\/a><\/p><\/blockquote>\n<p><iframe loading=\"lazy\" class=\"wp-embedded-content\" sandbox=\"allow-scripts\" security=\"restricted\" style=\"position: absolute; clip: rect(1px, 1px, 1px, 1px);\" src=\"http:\/\/www.ert.tn\/pmf\/2017\/09\/19\/des-experts-de-lenseignement-superieur-francais-viennent-a-votre-rencontre\/embed\/#?secret=8mSWhnfYwH\" data-secret=\"8mSWhnfYwH\" width=\"600\" height=\"338\" title=\"\u00ab\u00a0Des experts de l\u2019enseignement sup\u00e9rieur fran\u00e7ais viennent \u00e0 votre rencontre\u00a0\u00bb &#8212; Etablissement R\u00e9gional de Tunis\" frameborder=\"0\" marginwidth=\"0\" marginheight=\"0\" scrolling=\"no\"><\/iframe><\/div>\n","protected":false},"excerpt":{"rendered":"<p>Des experts de l&rsquo;enseignement sup&eacute;rieur fran&ccedil;ais viennent &agrave; votre rencontre<\/p>\n","protected":false},"author":2,"featured_media":0,"template":"","meta":{"_exactmetrics_skip_tracking":false,"_exactmetrics_sitenote_active":false,"_exactmetrics_sitenote_note":"","_exactmetrics_sitenote_category":0,"_tribe_events_status":"","_tribe_events_status_reason":"","footnotes":""},"tags":[],"tribe_events_cat":[227],"class_list":["post-2984","tribe_events","type-tribe_events","status-publish","hentry","tribe_events_cat-orientation","cat_orientation"],"_links":{"self":[{"href":"https:\/\/www.ert.tn\/pmf\/wp-json\/wp\/v2\/tribe_events\/2984","targetHints":{"allow":["GET"]}}],"collection":[{"href":"https:\/\/www.ert.tn\/pmf\/wp-json\/wp\/v2\/tribe_events"}],"about":[{"href":"https:\/\/www.ert.tn\/pmf\/wp-json\/wp\/v2\/types\/tribe_events"}],"author":[{"embeddable":true,"href":"https:\/\/www.ert.tn\/pmf\/wp-json\/wp\/v2\/users\/2"}],"version-history":[{"count":1,"href":"https:\/\/www.ert.tn\/pmf\/wp-json\/wp\/v2\/tribe_events\/2984\/revisions"}],"predecessor-version":[{"id":2985,"href":"https:\/\/www.ert.tn\/pmf\/wp-json\/wp\/v2\/tribe_events\/2984\/revisions\/2985"}],"wp:attachment":[{"href":"https:\/\/www.ert.tn\/pmf\/wp-json\/wp\/v2\/media?parent=2984"}],"wp:term":[{"taxonomy":"post_tag","embeddable":true,"href":"https:\/\/www.ert.tn\/pmf\/wp-json\/wp\/v2\/tags?post=2984"},{"taxonomy":"tribe_events_cat","embeddable":true,"href":"https:\/\/www.ert.tn\/pmf\/wp-json\/wp\/v2\/tribe_events_cat?post=2984"}],"curies":[{"name":"wp","href":"https:\/\/api.w.org\/{rel}","templated":true}]}}

Mercredis de l&rsquo;Orientation &#8211; 2ème conférence

<div class="fitvids-video">
<blockquote data-secret="8mSWhnfYwH" class="wp-embedded-content"><p><a href="http://www.ert.tn/pmf/2017/09/19/des-experts-de-lenseignement-superieur-francais-viennent-a-votre-rencontre/">Des experts de l’enseignement supérieur français viennent à votre rencontre</a></p></blockquote>
<p><iframe loading="lazy" class="wp-embedded-content" sandbox="allow-scripts" security="restricted" style="position: absolute; clip: rect(1px, 1px, 1px, 1px);" src="http://www.ert.tn/pmf/2017/09/19/des-experts-de-lenseignement-superieur-francais-viennent-a-votre-rencontre/embed/#?secret=8mSWhnfYwH" data-secret="8mSWhnfYwH" width="600" height="338" title="« Des experts de l’enseignement supérieur français viennent à votre rencontre » &#8212; Etablissement Régional de Tunis" frameborder="0" marginwidth="0" marginheight="0" scrolling="no"></iframe></div>
